. List the prime factors of n.
11
Suppose 0 = -5*l + 2*u + 615, -5*l = u + 2*u - 640. List the prime factors of l.
5
Suppose 4*o + 11 = 31. Suppose 0 = -i + o*s + 31, -1 - 3 = i + 2*s. Suppose f - 4*z + i = 0, 6*z + 9 = 3*f + 3*z. What are the prime factors of f?
2, 3
List the prime factors of (6/(-12))/((-2)/164).
41
Suppose -1173 + 223 = -10*q. What are the prime factors of q?
5, 19
Let m(d) = -4*d**2 - 1. Let z be m(-2). Suppose 0 = 2*n - 5*k - 65, 6*n + k - 122 = n. Let s = n + z. List the prime factors of s.
2
Suppose r + 5*c + 8 = 0, 0 = 3*c + c. What are the prime factors of (-162)/r + (-2)/8?
2, 5
Let y = 65 + -37. Let i = -174 + 378. What are the prime factors of i/y - (-4)/(-14)?
7
Let g = 7 + 11. Let j = g + -12. List the prime factors of j.
2, 3
Let l = 18 - 13. Suppose -l*w + 10 = -20. Suppose -4*o + 26 = w. What are the prime factors of o?
5
Let u(n) = n**2 + 2*n - 2. Let o be u(-4). Suppose -3*y - 45 = -o*y. List the prime factors of y.
3, 5
Let i(k) = 34*k**2 - 3*k + 2. What are the prime factors of i(1)?
3, 11
Let l(y) = 4 - 2 + 0 - y - 1 + 15*y**3 + y**2. List the prime factors of l(1).
2
List the prime factors of ((-88)/(-11))/((-2)/(-15)).
2, 3, 5
Suppose -7*m + 9*m = 126. Let u = 88 - m. List the prime factors of u.
5
Let k(q) = -q + 6. Let c be k(6). Let b = 3 - c. Suppose d - 1 = -2*o, b*d = -o - o + 7. What are the prime factors of d?
3
Let n(g) = g**3 - 6*g**2 + 8*g - 7. Let d(h) = -h**2 + h + 5. Let i be (-4)/18 + (-6)/(-27). Let a be d(i). List the prime factors of n(a).
2
Suppose -2*n = -2*b, 2*n - 40 = 4*b + 6*n. Let t(x) = x + 1 + x - 4*x. What are the prime factors of t(b)?
11
Suppose -3*s + v + 118 = 0, s + 2*s = 3*v + 120. Let b = s - 28. Let m = -4 + b. What are the prime factors of m?
7
Let d(j) = 172*j**2 + j - 1. What are the prime factors of d(1)?
2, 43
Let c(v) be the first derivative of 2*v**2 + 4. List the prime factors of c(1).
2
Let x be 56/12*(-3)/2. List the prime factors of x*1*(-80)/56.
2, 5
Suppose -253 = 2*j - 811. What are the prime factors of j?
3, 31
Suppose -z - 27 = -133. What are the prime factors of z?
2, 53
Suppose -c + 5 = -0*c. Let a be 0*((-15)/6)/c. Suppose 5*n + 2 + 3 = a, 0 = 2*o + n - 15. What are the prime factors of o?
2
Let a(j) = -4*j**3 + j**2 - j + 1. Let d be a(1). Let l be (-3 - (-10 + 1)) + 1. What are the prime factors of -2 + -3*l/d?
5
List the prime factors of -1 + -2 - (-37 - 6/(-2)).
31
Suppose 4*f = 5*x - 10, 7*x + 4*f - 2 = 6*x. Suppose 0*k + k - 6 = 0. Suppose 0 = -d + i + k, 3*d + x*i = -3*i + 42. List the prime factors of d.
3
Suppose o = 4*o - 6. Let v(x) = 3*x**3 - 4*x**2 + 2*x + 1. What are the prime factors of v(o)?
13
Let q = 15 - 11. Let b(s) = 4*s + 4. What are the prime factors of b(q)?
2, 5
Let b(q) = q**2 - 6*q - 1. Let c be b(-5). Let m = 94 - c. Suppose 4*w = -4*f + m, -1 = -w - 4. List the prime factors of f.
13
Let i(a) be the third derivative of 0 + 4*a**2 + 0*a + 1/24*a**4 + 1/20*a**5 + 0*a**3. List the prime factors of i(1).
2
Let x = -100 + 325. Suppose x = 5*n - 5*c, 0 = 2*c + c - 9. What are the prime factors of n?
2, 3
Let f = 13 + -22. Let v be 3 + 6*f/(-2). Let a = -21 + v. List the prime factors of a.
3
Suppose 3*s + 15 = 0, 4*w + 3*s - 162 = 3*w. Suppose -5*u + w = 62. List the prime factors of u.
23
Suppose 2*j + 5*x = j + 208, 4*x = 12. List the prime factors of j.
193
List the prime factors of (-4 - (-48)/9)/((-2)/(-618)).
2, 103
Suppose -4*u + 92 + 130 = 5*p, -5*u + 3*p = -259. List the prime factors of u.
53
Let l be -25*(3 - (-27)/(-5)). Suppose 0 = 2*p - 2*u - 34, 4*p = -u - 12 + l. List the prime factors of p.
13
Let z be 1 + -1 + (-12)/3. Suppose 0*q - 22 = t + 5*q, -5*t - 41 = 2*q. Let n = z - t. What are the prime factors of n?
3
Let x be 20/4 + (3 - 2). Suppose 2*f - 5*t - 24 = 0, -2*f - 2*t = -f + 6. What are the prime factors of 2 - (f - x/2)?
3
Let f be (0 - -2)/((-12)/102). Let j = -90 + 61. Let a = f - j. List the prime factors of a.
2, 3
Let x(c) = -10*c - 1. Let y be x(-5). Suppose -m - 1 = -y. List the prime factors of m.
2, 3
Let p(y) = 10*y - 11. List the prime factors of p(6).
7
Let t(x) = -x**2 + 4*x - 1. Let n be t(3). Let k be 22/(n - 0/2). Let r = k - 8. List the prime factors of r.
3
What are the prime factors of (2/5)/(1078/(-360) + 3)?
2, 3
Let c(v) = -v**3 - 2*v**2 + v - 1. Let x = -17 - -13. List the prime factors of c(x).
3
Let y(i) = -i**2 + i**3 + i**3 - 1 + 0*i**3 + 2*i**2. List the prime factors of y(2).
19
Suppose 5*h + 358 = 3*v, -2*v + 2*h + 0*h + 232 = 0. What are the prime factors of v?
3, 37
Let c(g) = -g + 2. Let r be c(-3). Suppose -2*h - 27 = 3*k, -r*k - 4*h + 9*h = 45. List the prime factors of k*(2 - (-1 - -4)).
3
List the prime factors of (-1737)/(-45) + 6/(-10)*1.
2, 19
Let k(h) = 3*h - 7. Let z be k(6). Suppose -m = -4*b - 2*m + z, 3*m = -4*b + 1. What are the prime factors of b?
2
What are the prime factors of (1 - (3 + -39)) + 5 + -2?
2, 5
Suppose -3*z + 486 + 596 = 5*a, 2*z = -2*a + 436. What are the prime factors of a?
2, 107
Suppose -4*i - 3*b - 124 = 0, -2*i = 6*b - b + 62. Let w = -11 - i. List the prime factors of w.
2, 5
Suppose 0 = -s + 2*s - 2. Suppose r - 2*i = -0*r + 7, -47 = -5*r - s*i. What are the prime factors of r?
3
Let c(a) = -a**2 - 10*a - 7. List the prime factors of c(-4).
17
Let f(m) = -m**3 + 10. Let q(o) = o**3 + 2*o**2 - o - 2. Let n be q(-2). What are the prime factors of f(n)?
2, 5
Let y = 5 + -5. Suppose y = n - 9. What are the prime factors of n?
3
Let t = -1 + 11. What are the prime factors of t?
2, 5
Suppose -3*r + 2*x - 19 = -512, 2*r - 330 = 2*x. List the prime factors of r.
163
Suppose 0*h + 10 = 2*h. Suppose 0 = h*k - 0*a + 4*a - 25, -5 = -k + 3*a. Suppose k*w + 3*q = 3, w = -2*w - 5*q - 11. List the prime factors of w.
3
Let u(w) = -w**2 - 13*w + 5. Let t be u(-13). Suppose -2*i = -t*i + 45. What are the prime factors of i?
3, 5
Let x(s) = s + 44. List the prime factors of x(-17).
3
Let z(a) = -a**2 - 24. Let h be z(0). Let r = 8 - h. Suppose 8*k = 4*k + r. What are the prime factors of k?
2
What are the prime factors of -2 + (51/3 - 0)?
3, 5
Let a be 1 + -2 - (-3)/(-1). List the prime factors of 56/a*1/(-2).
7
Let z(u) = -u**3 + 9*u**2 - 5*u + 8. Let s(q) = 2*q**3 - 10*q**2 + 5*q - 8. Let i(b) = -2*s(b) - 3*z(b). What are the prime factors of i(-8)?
2
Suppose -2*f + 20 = -4*m, 3*f + m - 4*m - 21 = 0. Suppose -f*s + 51 = -53. What are the prime factors of s?
2, 13
Let j = 7 + -2. Suppose 72 = -j*n + 192. What are the prime factors of n?
2, 3
Suppose 4*s = 22 + 2. List the prime factors of ((-15)/s)/(2/(-8)).
2, 5
Suppose 2*x - 9 + 1 = 0. Suppose -x*p + 88 = -2*p. What are the prime factors of p?
2, 11
Let w = 47 - 6. Let z = -9 + w. List the prime factors of z.
2
Let p = -3 + 7. List the prime factors of (5 - p)/((-1)/(-5)).
5
Let k(b) = b**3 + 4*b**2 + 2*b + 2. Let h be k(-4). Let p be (-1 - -1)*h/6. Suppose p = -n - 2 + 5. List the prime factors of n.
3
Let z(m) be the first derivative of m**2/2 + 11*m + 2. Let f(c) = -2*c - 23. Let l(g) = -3*f(g) - 5*z(g). List the prime factors of l(0).
2, 7
Suppose -712 = -12*t + 8*t. What are the prime factors of t?
2, 89
Suppose 83 = 2*m - 3*t, 0 = 6*m - 2*m + t - 201. List the prime factors of m.
7
Suppose -5*f = 42 - 177. What are the prime factors of f?
3
Suppose p - 82 + 410 = 0. List the prime factors of (-2)/10 + p/(-40).
2
Let g = 6 - 8. Let k be 145/(-5)*(-3 - g). Suppose -7 = -4*m + k. What are the prime factors of m?
3
Let o = 15 + 30. What are the prime factors of o?
3, 5
Suppose 4*j + 188 = 3*s - 0*j, 0 = -4*s - 4*j + 232. Let f be s/(-9) + (-1)/3. Let z = 3 - f. List the prime factors of z.
2, 5
Suppose 4*k + 43 = z, 2*z + 19 = -4*k - 39. What are the prime factors of (-3)/(-18) - 202/k?
17
Let g(r) = 29*r**2 + 3*r - 2. What are the prime factors of g(1)?
2, 3, 5
Suppose 0 = -4*v - 176 + 1280. What are the prime factors of v?
2, 3, 23
Let t = -45 - -25. What are the prime factors of (-5)/t - 150/(-8)?
19
Suppose 3*w + 5*c + 0*c + 11 = 0, 2*w = 2*c + 14. Let f be (2 + 1)/w*2. Suppose -6 = -2*s - f*z, 3*z - 2*z = -2*s + 6. List the prime factors of s.
3
Suppose -3 = 4*q - 5*q. Suppose l = q*l - 26. What are the prime factors of l?
13
Let d = 142 - 26. What are the prime factors of d?
2, 29
Let 